sands digit of 408723319?
3
What is the units digit of 19859776?
6
What is the hundred millions digit of 1169164548?
1
What is the thousands digit of 161375454?
5
What is the ten millions digit of 22713529?
2
What is the units digit of 1866391296?
6
What is the millions digit of 16700240?
6
What is the ten thousands digit of 15785207?
8
What is the thousands digit of 153622351?
2
What is the tens digit of 1658447296?
9
What is the millions digit of 79150811?
9
What is the hundred millions digit of 245472290?
2
What is the thousands digit of 29938600?
8
What is the tens digit of 61448508?
0
What is the ten thousands digit of 172650882?
5
What is the hundreds digit of 110266420?
4
What is the hundreds digit of 756466091?
0
What is the hundred thousands digit of 168964017?
9
What is the millions digit of 401940970?
1
What is the thousands digit of 27385455?
5
What is the thousands digit of 81788988?
8
What is the hundreds digit of 9343969?
9
What is the ten thousands digit of 51400775?
0
What is the hundred thousands digit of 1559765594?
7
What is the units digit of 81269?
9
What is the tens digit of 2046175866?
6
What is the thousands digit of 1079028133?
8
What is the millions digit of 124935292?
4
What is the ten thousands digit of 2422511113?
1
What is the ten millions digit of 93395485?
9
What is the tens digit of 14030504?
0
What is the tens digit of 50760232?
3
What is the ten millions digit of 168573098?
6
What is the units digit of 521078?
8
What is the ten thousands digit of 4546292?
4
What is the hundred thousands digit of 1735262286?
2
What is the hundred millions digit of 2132243655?
1
What is the billions digit of 2571365396?
2
What is the ten millions digit of 159063281?
5
What is the hundred millions digit of 395955577?
3
What is the tens digit of 463958243?
4
What is the thousands digit of 25775216?
5
What is the thousands digit of 421828425?
8
What is the millions digit of 173360300?
3
What is the ten thousands digit of 1305720040?
2
What is the ten millions digit of 369606111?
6
What is the hundred thousands digit of 22705247?
7
What is the ten millions digit of 135160355?
3
What is the millions digit of 104546650?
4
What is the ten thousands digit of 93578896?
7
What is the millions digit of 7993925?
7
What is the millions digit of 16595613?
6
What is the millions digit of 126185299?
6
What is the hundred millions digit of 813209161?
8
What is the millions digit of 395007942?
5
What is the hundred thousands digit of 3741983250?
9
What is the thousands digit of 2862945135?
5
What is the tens digit of 15920886?
8
What is the units digit of 450000168?
8
What is the units digit of 2725017?
7
What is the ten millions digit of 58850569?
5
What is the units digit of 5006508511?
1
What is the hundred millions digit of 1867888543?
8
What is the hundred thousands digit of 955233420?
2
What is the billions digit of 2843294805?
2
What is the billions digit of 4619347109?
4
What is the hundreds digit of 1219842609?
6
What is the millions digit of 191300512?
1
What is the hundreds digit of 705390038?
0
What is the hundred thousands digit of 280886410?
8
What is the tens digit of 162916854?
5
What is the ten thousands digit of 6458972?
5
What is the tens digit of 745295095?
9
What is the ten millions digit of 106867877?
0
What is the hundred thousands digit of 676967653?
9
What is the ten thousands digit of 994205134?
0
What is the ten thousands digit of 557984594?
8
What is the tens digit of 19942830?
3
What is the ten thousands digit of 322105270?
0
What is the tens digit of 1317090325?
2
What is the hundreds digit of 2919615015?
0
What is the hundred thousands digit of 202954397?
9
What is the hundreds digit of 354899570?
5
What is the millions digit of 2267360436?
7
What is the ten thousands digit of 16681388?
8
What is the units digit of 2312295986?
6
What is the thousands digit of 264274369?
4
What is the thousands digit of 183568589?
8
What is the ten millions digit of 807686967?
0
What is the tens digit of 9905275?
7
What is the thousands digit of 111040010?
0
What is the hundred thousands digit of 2022310620?
3
What is the millions digit of 73894430?
3
What is the ten millions digit of 632622637?
3
What is the tens digit of 6854595218?
1
What is the tens digit of 1451080840?
4
What is the ten thousands digit of 556977797?
7
What is the hundreds digit of 20523093?
0
What is the hundred millions digit of 418192633?
4
What is the billions digit of 3013399325?
3
What is the ten millions digit of 1546008753?
4
What is the ten millions digit of 23952088?
2
What is the thousands digit of 40047776?
7
What is the hundreds digit of 146041109?
1
What is the millions digit of 1103208436?
3
What is the ten thousands digit of 407665597?
6
What is the thousands digit of 280747491?
7
What is the ten millions digit of 139479433?
3
What is the tens digit of 53708680?
8
What is the billions digit of 1039357870?
1
What is the ten thousands digit of 63046502?
4
What is the ten thousands digit of 8403777?
0
What is the tens digit of 1116727983?
8
What is the units digit of 14142777?
7
What is the hundreds digit of 8396858878?
8
What is the thousands digit of 235088924?
8
What is the ten thousands digit of 55982607?
8
What is the ten millions digit of 45127789?
4
What is the tens digit of 4759650939?
3
What is the millions digit of 27578448?
7
What is the millions digit of 39853552?
9
What is the hundreds digit of 18245809?
8
What is the units digit of 626941134?
4
What is the hundreds digit of 4306728555?
5
What is the ten thousands digit of 1899316617?
1
What is the ten millions digit of 125158355?
2
What is the hundred thousands digit of 843868327?
8
What is the hundred thousands digit of 62042625?
0
What is the tens digit of 360401746?
4
What is the tens digit of 376708955?
5
What is the millions digit of 53166284?
3
What is the tens digit of 34263947?
4
What is the thousands digit of 2097930770?
0
What is the ten thousands digit of 2636608?
3
What is the units digit of 253674375?
5
What is the hundreds digit of 2456440980?
9
What is the units digit of 87943594?
4
What is the millions digit of 2383531788?
3
What is the millions digit of 6806457550?
6
What is the hundred millions digit of 331892088?
3
What is the ten millions digit of 960842353?
6
What is the millions digit of 438229807?
8
What is the ten thousands digit of 51412697?
1
What is the ten thousands digit of 406840823?
4
What is the billions digit of 1537505257?
1
What is the ten millions digit of 1052996261?
5
What is the hundreds digit of 477062052?
0
What is the thousands digit of 898136037?
6
What is the hundred thousands digit of 1225494433?
4
What is the tens digit of 31178680?
8
What is the ten thousands digit of 23688964?
8
What is the hundreds digit of 75866135?
1
What is the ten thousands digit of 218319713?
1
What is the units digit of 218499699?
9
What is the ten thousands digit of 74318835?
1
What is the millions digit of 1024624009?
4
What is the millions digit of 2766145016?
6
What is the hundred millions digit of 4138859394?
1
What is the hundred millions digit of 417599481?
4
What is the hundred thousands digit of 485698528?
6
What is the thousands digit of 1834004299?
4
What is the hundred millions digit of 841400428?
8
What is the millions digit of 3039569916?
9
What is the units digit of 11183421?
1
What is the ten thousands digit of 3129366933?
6
What is the thousands digit of 246173257?
3
What is the thousands digit of 312060601?
0
What is the hundred millions digit of 205217405?
2
What is the hundred millions digit of 171358971?
1
What is the ten thousands digit of 6085205?
8
What is the thousands digit of 86263105?
3
What is the millions digit of 741704862?
1
What is the billions digit of 1650026267?
1
What is the hundred thousands digit of 77181798?
1
What is the tens digit of 51404624?
2
What is the tens digit of 494500041?
4
What is the ten thousands digit of 212202182?
0
What is the ten thousands digit of 35496861?
9
What is the thousands digit of 21665305?
5
What is the ten millions digit of 52621483?
5
What is the thousands digit of 205515153?
5
What is the hundreds digit of 34230170?
1
What is the units digit of 83238505?
5
What is the thousands digit of 